actors of c(6).
3, 19
Let r(m) = -7 + m**3 - 11*m - 13*m - 13*m**2 - 10. Let i be r(15). Suppose 0 = -3*b - 4*h + i, -110 = -4*b - 4*h + 5*h. What are the prime factors of b?
3
Let t(i) = 8*i**2 - 19*i + 1225. What are the prime factors of t(28)?
5, 7, 199
Let f(t) = -210*t + 14. Let r be f(-7). Let k = 2519 - r. List the prime factors of k.
3, 5, 23
Let l = -72 - -124. Suppose -i = -l - 82. What are the prime factors of 1/(i/(-45) + 3)?
3, 5
Let g = -678 - -7298. List the prime factors of g.
2, 5, 331
Suppose 0 = -y - 118 + 542. Suppose 0 = -5*x + 776 + y. What are the prime factors of (12/(-10))/((-12)/x)?
2, 3
Suppose 7*v - 8 = 13. Suppose v*j - 5*a + a = 9, 11 = 2*j - a. Suppose j*d - 3*d = 264. List the prime factors of d.
2, 3, 11
Let n = 10 - 25. Let s be (-4)/(-6) - (-10)/n. Suppose s = -0*h + h - 72. What are the prime factors of h?
2, 3
Suppose -21 = 4*v - 41. Suppose 8 = -4*c - v*l + 23, 1 = -l. Suppose c*k + 0*k = 410. What are the prime factors of k?
2, 41
Suppose 13*b + 12*b - 14925 = 0. Let r = b - 177. What are the prime factors of r?
2, 3, 5, 7
Let y(s) = 21*s**3 - 7*s**2 + 5*s - 22. Let w be y(5). Suppose 5*i = 8*z - w, -3*i + 186 + 117 = z. What are the prime factors of z?
2, 3, 17
Suppose g + 5*i = 992, -5*g - 30*i + 33*i = -5100. List the prime factors of g.
3, 113
Suppose 136371 + 54771 = 257*a - 236*a. List the prime factors of a.
2, 3, 37, 41
Let s(t) = t**2 + 4*t - 73. Let w be s(7). Suppose -2*l + 4*c = -908, -4*l + 270 = w*c - 1570. List the prime factors of l.
2, 229
Suppose 2*n + 432 = -k, -5*k + 59 = -5*n - 1036. Suppose 4*l = 1114 + 250. Let p = n + l. List the prime factors of p.
2, 31
Let f(j) = j**2 - j. Let z(g) = -21 + 0*g**2 + 2*g**2 + 7*g - 8*g - 51. Let i(t) = 3*f(t) - z(t). What are the prime factors of i(0)?
2, 3
Suppose 7*m + 74*m = 3175119. List the prime factors of m.
39199
Let u(m) be the first derivative of m**4/6 + 25*m**3/3 - 25*m**2 - 12. Let v(p) be the second derivative of u(p). What are the prime factors of v(16)?
2, 3, 19
Let t(n) be the first derivative of n**3/3 + 9*n**2/2 + 61*n - 90. What are the prime factors of t(-33)?
853
Let u(d) = 9735*d - 6030. List the prime factors of u(6).
2, 3, 5, 97
Let i(j) = 2629*j + 1077. List the prime factors of i(3).
2, 3, 83
Let v = 30 + -26. Suppose v*s + c = 753, -3*s + 165 = c - 399. Suppose n = 2*i - 121, -4*n - s - 63 = -4*i. What are the prime factors of i?
2, 29
List the prime factors of 9/(((-210)/12195)/(-14)).
3, 271
Let k = 2983 - 1590. Let d = -565 + k. What are the prime factors of d?
2, 3, 23
Let p be (-9122)/(-18) - (-50)/225. Suppose -p - 21 = -3*t. What are the prime factors of t?
2, 11
Let f(p) = -p + 4. Let y(z) = -8*z - 118. Let t(r) = 6*f(r) - y(r). List the prime factors of t(-10).
2, 61
List the prime factors of (-8)/(3 - 8 - (-1 + -3)) - -39161.
13, 23, 131
Let o(f) = -43*f**2 + 3213*f + 54. List the prime factors of o(58).
2, 11, 13, 73
What are the prime factors of (-563261)/(-136) - (-18)/48?
2, 19, 109
Suppose 0 = -f - 7*f. Suppose f = 77*c - 70*c - 3857. List the prime factors of c.
19, 29
Let n be 120/(-25) + (-2)/10. List the prime factors of (-248)/n - ((-27)/5 - -5).
2, 5
Suppose -2*d + 63404 = 2*s - 25726, 3*d = 2*s - 89100. List the prime factors of s.
3, 4951
Suppose j = 2*j + 97. Suppose 3*c - 2*b + 120 = 0, 2*b = 5*c + 4*b + 184. Let q = c - j. What are the prime factors of q?
59
Suppose 18*a - 23*a = -80. Suppose -a = 4*o, -2*l + 22 = l + 5*o. What are the prime factors of 528/7 + (-6)/l?
3, 5
Let u(t) = 4*t - 31. Let j be u(7). Suppose 0 = 4*l + 5*m + 70, 6 = -3*l - 3*m - 45. What are the prime factors of 357/6 + j + l/(-6)?
59
Let p(l) = -l**3 + 5*l**2 + 8*l. Let o = 38 - 85. Let d = 53 + o. List the prime factors of p(d).
2, 3
Let t be (-198)/(-4) - 27/54. Suppose 2296 = -t*k + 56*k. List the prime factors of k.
2, 41
Let y(k) = k**2 + 25*k - 37. Let a be y(-27). Let m(d) = -d + 3. Let j be m(-5). Suppose -117 = -a*c + j*c. List the prime factors of c.
13
Suppose -5*y + 265 = -5*h, -2*h - 2*y + 2 - 116 = 0. Let d = 1673 - h. What are the prime factors of d?
2, 3
What are the prime factors of (30/20)/(6/31032)?
2, 3, 431
What are the prime factors of 14/2261*19 - 11813/(-17)?
5, 139
Suppose -138*k + 9*k + 1108734 = 28*k. List the prime factors of k.
2, 3, 11, 107
What are the prime factors of 40/(-260) + (-72919)/(-13)?
71, 79
Let v(q) = q**3 - 13*q**2 + 37*q - 5. Let a be v(9). Suppose a*u - 1260 = -2*u. What are the prime factors of u?
2, 3, 5, 7
Let a(v) = 29*v**2 + 3*v + 9. Let z be (10/(-4))/(10*3/(-48)). What are the prime factors of a(z)?
5, 97
Suppose -4*b = -5*l - 36650, 0 = -4*b + l + 46275 - 9617. What are the prime factors of b?
3, 5, 13, 47
Suppose 3*g - l + 5*l = 3488, 1163 = g + l. Let z = g - 79. List the prime factors of z.
5, 7, 31
Suppose -5*r - 3*w + 51336 = 0, -3*r - 6*w + 2*w + 30806 = 0. List the prime factors of r.
2, 3, 29, 59
Suppose -14*k = -94756 - 87132. What are the prime factors of k?
2, 7, 29
Suppose 52 = 3*z - 50. List the prime factors of (-27 - -10 - -7)/((-1)/z).
2, 5, 17
Let b(m) = m**3 + 19*m**2 - 7*m + 23. Let y be b(-19). Suppose -y*r - 182 = -157*r. What are the prime factors of r?
2, 7, 13
Suppose n + 2*y = 4504 + 944, 5*y = -4*n + 21786. Suppose 9*v = 5761 + n. What are the prime factors of v?
3, 5, 83
Let s(w) = 6*w - 27. Suppose 5*h + 3*z + 2*z = 45, 4*h - 34 = -3*z. Let f be s(h). What are the prime factors of f*2*(-18)/(-15)?
2, 3
Let g be (0 + (-5)/(-5))*1335. Suppose 0 = -11*y + 1657 + g. What are the prime factors of y?
2, 17
Suppose -404460 = 11*r - 41*r. List the prime factors of r.
2, 3, 7, 107
Let x(d) be the third derivative of -311*d**4/24 - 61*d**3/6 - 6*d**2 + 12*d. What are the prime factors of x(-4)?
7, 13
Let s(i) = 7*i**2 - 9*i + 24. Let z be s(6). Suppose 4*f = -3*a + 296, -f - a + z = 2*f. What are the prime factors of (-10 + 13)/(3/f)?
2, 37
Let c = -152 - -154. Suppose 9*x - 643 = 6*x - 5*n, -c*x + 432 = 4*n. What are the prime factors of x?
2, 103
Suppose -3*t - 3*y - 30 = 0, 9*t + 74 = 4*t + y. What are the prime factors of (t/21)/(8/(-7164))?
3, 199
Suppose 11682 - 78194 = -2*w - 4*n, w + n - 33251 = 0. What are the prime factors of w?
2, 3, 1847
Suppose 0 = -107*r + 20*r + 1134684 + 33204. List the prime factors of r.
2, 839
List the prime factors of (-93535)/(-7*(-60)/(-168)).
2, 13, 1439
Let n be (6 + 0)/(8/(-12) - 0). Let r(x) = 9*x**2 + 27*x - 2. Let o be r(n). Suppose 0*w - 5*s + 645 = 5*w, 4*s + o = 4*w. List the prime factors of w.
5
Suppose 4 = 16*n - 14*n. Let j be 60/14 + 4*n/(-28). Suppose -5*h = j*y - 673, -2*y + 60 + 249 = -3*h. List the prime factors of y.
2, 3
Suppose -5*z = -o - 2*o - 46, 0 = 2*z + 5*o - 37. Suppose -2*q - 1 = -z. Suppose 0 = -2*n - 2*j + 184, 2*j - 454 = -q*n - j. List the prime factors of n.
89
Suppose -l - 91990 = -2*k, -2*k + 36187 = 2*l - 55815. What are the prime factors of k?
7, 6571
Let y(t) = t**3 + t**2 - 3*t - 4. Let x be y(0). What are the prime factors of (7 + 30/(-10))/(x/(-682))?
2, 11, 31
Let v be (0 + (-4)/40*-5)*1036. Let p = v + -192. What are the prime factors of p?
2, 163
Let m = -12 - -31. Suppose m = 7*i - 2. Suppose 8 + 119 = i*l + 5*o, -2*l - 5*o = -78. List the prime factors of l.
7
Let g(v) = -767*v + 27. Suppose -22*j = -12 + 34. List the prime factors of g(j).
2, 397
Let y(q) = q**2 - 8*q + 24 - 12*q + 20*q - 9*q. Let r be y(10). List the prime factors of (4 - r/5)*-5.
2, 7
Let k(h) = h**2 - 16*h - 60. Let a be k(22). List the prime factors of (-27)/a - (-7686)/16.
2, 3, 5
Let t(p) = 1605*p + 225. List the prime factors of t(2).
3, 5, 229
List the prime factors of -7 - (-40213 + -15 + 13 + -6).
2, 20107
Suppose 0 = 4*f, 0 = 2*a - 4*a - 3*f + 62. Suppose -k + 232 = -5*x, 32*k - 230 = a*k + 4*x. What are the prime factors of k?
2, 3, 37
Suppose -29 - 31 = -4*p + 4*m, -2*m + 6 = 0. Suppose -3*j - 9*x + p = -4*x, -2*x + 10 = 4*j. What are the prime factors of 3675/18 + 21/(-18) + j?
2, 3, 17
Suppose -23*l + 15*l - 336 = 0. Let c = l - -44. Suppose h - 2*k - 93 = c*k, -2*h - 2*k = -206. List the prime factors of h.
101
Let v(n) = 5*n + 1. Let l be v(-1). Let a be (-255)/34*l/5. Suppose -a*r + 0*r + 522 = 0. List the prime factors of r.
3, 29
Let m(r) = -2*r**2 + 14*r - 11. Let s be m